(-2).
1
Let g(l) = l**3 - 3*l**2 - 6*l + 6. Let u = -68 - -66. Let a be (4/3)/(u/(-36)*6). Calculate g(a).
-2
Let y(c) = 78*c + 69*c + 74*c + 1 - 222*c. Suppose -3*x = -6*x + 3. What is y(x)?
0
Let d(j) = -j**2 - 6*j + 2. Let f be ((-24)/(-3))/((-2)/2). Let z = 10 + f. Let g be (z - -1*4)/(-1). Give d(g).
2
Let w(t) = -23 - 3*t + 15 - 17 - 6. Determine w(-11).
2
Let l(o) = -4*o + 1. Let x(k) = -3*k. Let d(j) = 4*l(j) - 5*x(j). Let p be d(2). Let t(y) = -y**3 + y - 2. Calculate t(p).
-8
Let l(t) = 2*t - 4. Let x(b) = 2. Let z(o) = -1. Let c(g) = 6*x(g) + 11*z(g). Let k(m) = 4*c(m) + l(m). Calculate k(1).
2
Let z(u) = -u**2 + 6*u + 4. Let h(m) = -3*m - 2. Let v(k) = -k**2. Let w(c) = -h(c) - v(c). Let l be w(-5). Suppose f = -2*f + l. What is z(f)?
12
Let j(t) = 2 + 2*t + 2*t - 9*t + 2*t + t**2. Suppose -z = -m - 0*z + 3, -m + 2*z = -4. Suppose 0 = -m*n - 3*n - l + 18, -5*n + 4*l = -3. Give j(n).
2
Let p(t) = t + 23. Let m be p(-13). Let h(o) = -m + 1 + 2 + 2*o + 3. What is h(6)?
8
Let d(j) be the first derivative of -5 + j + 2*j**3 + 0*j**2 + 1/4*j**4. Suppose -4*r - 3 = -2*p + r, 0 = p - 2*r. Calculate d(p).
1
Let y(i) = -1 + 76*i - 41*i - 33*i. Let g(h) = h**2 + 5*h + 4. Let x be g(-4). Suppose 4*j - 3*p = -14, -3*j - 5*p + 2 + 2 = x. Calculate y(j).
-5
Let n(q) = 3*q + 2. Let h(c) = c**2 + 12*c + 8. Let k be h(-12). Suppose -k = -4*a + 6*a. Determine n(a).
-10
Let x = -2 - -8. Suppose x = 4*c - 3*d - 30, c - 22 = 4*d. Suppose c*p = p. Let f(r) = -r**2 + r + 1. Determine f(p).
1
Let d be 6/(-9)*108/(-8). Suppose d*b - 3 = 6*b. Let s(j) = -b - 3*j + 8*j - 6*j. What is s(4)?
-5
Let y be -1 - 183*(-5)/(-15). Let j = y - -68. Let g(f) = f**3 - 7*f**2 + 6*f + 3. Determine g(j).
3
Let m(n) = 4*n**3 - 3*n**3 + 0 - 5*n**2 - 4. Let o(a) = -a**2 - 5*a. Let y be o(4). Let g = y + 41. Calculate m(g).
-4
Suppose -8*r + 63 = 47. Let n(g) = 2*g**3 - g**2 - 4*g. What is n(r)?
4
Let g(a) = -43*a + 2*a**3 + 6*a**2 + 65*a + 3 - 17*a. What is g(-4)?
-49
Let w(l) be the third derivative of l**8/20160 + l**7/1008 + l**6/180 + 11*l**5/60 - 3*l**2. Let d(x) be the third derivative of w(x). Give d(-4).
0
Let s(c) be the third derivative of c**6/120 - 2*c**5/15 + c**4/4 + 5*c**3/6 - 2*c**2 + 63. Give s(5).
-40
Let y(s) be the second derivative of -s**4/12 - s**3/6 + 6*s**2 + 23*s + 3. Determine y(-5).
-8
Let h(g) = g**2 + 4*g + 6. Suppose 10 + 18 = 4*m. Let j = 22 + -34. Let p = m + j. Give h(p).
11
Let r(i) = 5*i - 6. Let d be r(3). Let o(t) = 2*t - 7*t - d + 30 - t**2 - 16. Determine o(-6).
-1
Let n(b) = -b**2 - b + 18. Suppose -2*w - 12 = 3*w - 4*a, a = -2*w + 3. What is n(w)?
18
Let c(z) be the second derivative of z**3/6 + 2*z**2 - 6*z. Let q = -22 + 14. Let r = 14 + q. Calculate c(r).
10
Let q(t) = t**2 + 2. Let i(c) = -4*c**2 + 4*c. Let z(d) = -i(d) - 5*q(d). Calculate z(0).
-10
Let g(v) = -1 - 2*v + 5*v + 0*v. Let m(o) = o**3 - 4*o**2 - 11*o - 1. Let s be m(-2). Give g(s).
-10
Let n(m) = m**2 - 3*m - 10. Let d be n(-6). Let p(l) = -2*l**3 + l**3 - 9 + d*l - 8*l**2 - 45*l. Give p(-8).
-1
Let c(f) = -2*f**3 - 3*f**2 + 2*f + 4. Let z = -206 + 203. What is c(z)?
25
Let r(o) = -5*o + 6. Let j(b) = -2*b + 2. Let k(p) = 11*j(p) - 4*r(p). Let g = 136 + -120. Let v = 19 - g. Give k(v).
-8
Let m = -31 - -37. Let c be (-3)/(m + 3) - 8/3. Let i(n) = -n**3 - 2*n**2 - 2*n - 2. Give i(c).
13
Let c(z) = 2*z**2 + 6*z + 5. Let d be c(-2). Let i(u) = 17*u - 2. Determine i(d).
15
Let o(h) be the second derivative of -h**3/6 + 7*h**2/2 - 10*h - 1. Give o(0).
7
Let x(c) = 11*c + 48. Let m(p) = 3*p + 12. Let i(b) = -9*m(b) + 2*x(b). Determine i(-8).
28
Suppose -101*n + 91 = -94*n. Let y(t) = t**2 - 12*t - 19. Give y(n).
-6
Let r(o) be the second derivative of o**4/12 + 2*o**3 + 3*o**2/2 - 527*o. Give r(-12).
3
Let d = 323 + -330. Let y(n) = 1. Let i(v) = 2*v - 3. Let t(p) = -i(p) + 2*y(p). Give t(d).
19
Let n(s) = -3 + 3 - 1 + 7*s. Let t(w) = -7 + 67*w - 10 + 67*w - w**2 - 125*w. Let k be t(6). Calculate n(k).
6
Let b(j) be the second derivative of j**6/720 - j**5/20 - j**4/12 + 16*j. Let d(z) be the third derivative of b(z). Determine d(7).
1
Let v(n) be the first derivative of n**2/2 + 7*n - 146. Calculate v(-4).
3
Let o(j) = j**2 - 2*j + 3. Let s(c) = 2*c**2 - 2*c + 4. Let w(g) = -3*o(g) + 2*s(g). Give w(-3).
2
Let l be (-1 - 18/(-12))*8. Suppose -5*y = -l*y - 2, 2*q + 5*y - 36 = 0. Let h(k) = -k**2 + 12*k + 5. Calculate h(q).
-8
Let n(o) be the first derivative of o**4/4 - o**3 - 31*o**2/2 + 16*o + 709. Give n(7).
-5
Let g = 4 + -6. Let w = g + 3. Let l be w*(-2 - 0)*1. Let v(k) = -3*k**2 - 4*k - 2. Determine v(l).
-6
Let t(k) = -1 - 2 - 2*k - k**3 - 2*k**3 - 10 + 10 - 3*k**2. Calculate t(-2).
13
Let h(r) = 3*r**2 - 5*r - 3. Let j be h(-1). Let b(o) be the third derivative of 5*o**2 + 5/24*o**4 - 1/30*o**j + 0*o + 0 + 1/3*o**3. Calculate b(4).
-10
Suppose 13 = 4*f + 5. Let m(l) = 4 - l + 1 - f. Suppose 4*h - 11 = 3*k - 17, 0 = 5*k - 4*h - 18. Calculate m(k).
-3
Let k(y) = y**2. Let s = 24 + -22. Let w(p) = p**2 + p - 7. Let i(l) = s*k(l) - w(l). Suppose 0 = 8*d - 5*d. What is i(d)?
7
Let a be 32/18 - -2*4/36. Let w be 1*(-1 - (-1 - (a + -8))). Let y(n) be the second derivative of n**3/6 + 3*n**2 + n. Give y(w).
0
Let u(o) = o**2 + 11*o + 29. Let l(q) = q**3 + 10*q**2 + q + 4. Let a be l(-10). What is u(a)?
-1
Let l(h) = h**2 - 3*h + 12. Let b be l(3). Let y(x) = -x + 18. Let c be y(b). Let a(p) = -p**3 + 5*p**2 + 6*p + 7. Give a(c).
7
Let x(s) be the second derivative of -s**4/12 + 5*s**3/3 - s**2 - 2*s - 10. Give x(8).
14
Let r(i) be the first derivative of -i**2/2 - 8*i + 1. Let x = -94 + 86. Determine r(x).
0
Let i = 583 + -581. Let z(d) be the second derivative of 0 + 0*d**i + 1/20*d**5 - d + 1/6*d**3 + 1/4*d**4. What is z(-2)?
2
Let r be (-11)/13 + 8/(-52). Let t(u) = -4*u + 2. Let m be t(r). Let w(g) = -m*g - 4 - 3*g - g**2 + 2*g. What is w(-6)?
2
Let o(w) = 3*w**2 - 2*w + 1. Let a(i) be the first derivative of 13*i**3/3 - 7*i**2/2 + 3*i + 12. Let r(y) = -2*a(y) + 9*o(y). What is r(5)?
8
Let f(k) = -k**2 - 3*k + 3. Let j(a) = a**2 + 2*a - 6. Let g be j(2). Calculate f(g).
-7
Let x(r) = 2*r**2 - r - 189. Let o be x(10). Let z = 28 + -20. Let g(b) = -z*b - o + 7*b + 8*b + b**2. What is g(-6)?
-7
Suppose 5*i = -2*q + 11, -3*q + 5*i - 1 + 5 = 0. Let b(d) = 8 + 3*d**3 - 10 + q - d**2. Give b(-1).
-3
Let w(t) = t**3 + 7*t**2 + 3*t - 3. Let p be ((-21)/(-28))/((-16)/128). What is w(p)?
15
Let y(i) = 4*i + 11. Let w be y(-4). Let o(t) = -2*t**2 - 7*t + 19. Let l(c) = 3*c**2 + 10*c - 29. Let k(r) = w*l(r) - 8*o(r). What is k(-6)?
-7
Let f(b) = -b**2 - 3*b + 1. Let p be (3 + -2)/((-1)/(-4)). Suppose -9 = -i + p*i. What is f(i)?
1
Let s = 695 - 686. Let a(v) = -v + 21. Calculate a(s).
12
Let m(a) = a - 1. Let u(b) = 2*b - 7. Let f be u(5). Let d be 2 - (f - 2) - 6. Let k be m(d). Let h(o) = -o**3 - 6*o**2 - 7. Calculate h(k).
-7
Let r(h) = -4*h. Let x(k) = 5*k. Let j(i) = 3*r(i) + 2*x(i). What is j(2)?
-4
Suppose 5*j - 8 = 5*p + 42, -j = 4*p. Let l(i) = 3*i + 29. Let w(z) = z + 10. Let r(s) = j*w(s) - 3*l(s). Let b = 3 - 7. Calculate r(b).
-3
Let g be ((1 - 0) + 1)/(-1). Let v(o) be the first derivative of -o**5/30 + o**4/24 + 11*o**3/3 - 2. Let t(c) be the third derivative of v(c). Calculate t(g).
9
Let p be (14 - 8)/(-6*3/(-9)). Let o(b) be the third derivative of b**4/24 - b**3/3 - b**2. What is o(p)?
1
Let v(i) = i**3 + 7*i**2 - 8*i - 11. Suppose -124 = -15*o + 56. Let m be (8/12)/((-1)/o). Give v(m).
-11
Let k(c) = c**2 + c. Let j be k(-2). Let q be ((-3)/1)/(-3) + j. Let h(r) = 1 + 2*r**2 + r**q + 1 - 5*r + r**2 + 0. Determine h(-4).
6
Let c(y) = y**2 + 6*y + 1. Let i be c(-5). Let m be (-36)/(-1) - 54/18. Let j(b) = -m - 31 + b + 61. Determine j(i).
-7
Let c(b) = 2*b**3 - 3*b**2 + b - 2. Suppose 20 + 48 = 34*v. Determine c(v).
4
Let i(l) be the first derivative of -l**5/20 - 5*l**4/12 + l**2 + 18*l - 25. Let g(f) be the first derivative of i(f). Calculate g(-5).
2
Let f(t) be the third derivative of -t**4/8 + 14*t**3/3 + 100*t**2. What is f(9)?
1
Let n(i) = i**3 + 2*i**2 - 4. Suppose 4*t - 1 - 27 = 0. Suppose -1 = -4*b + t. Suppose 5*g = b*g - 9. Determine n(g).
-13
Let y(f) = f + 16 - 1 - 7*f**2 + 6*f**2 + 0. Give y(0).
15
Let x(t) = 14*t - 10. Let d be 47/(-4) + 12/16. 